 = 0. Suppose j + l - 49 = 0. Suppose r - 90 = -4*x - 33, 3*x - j = -4*r. What is the remainder when x is divided by 8?
7
Suppose 3*b + 77 = 2*h - 38, 3*b = -15. Let n = h - 25. Let j = 18 + -9. Calculate the remainder when n is divided by j.
7
Let o(j) = -3*j + 4*j + 1 - 2*j + 2*j. Let n be o(-9). Let k(y) = -y. What is the remainder when 22 is divided by k(n)?
6
Suppose 6*s - 2*s + 60 = 4*q, -s + 35 = 4*q. Calculate the remainder when 13 is divided by (q/(-4) + 3)*14.
6
Let c(h) = h - 9. What is the remainder when ((-42)/15)/((-2)/5) is divided by c(12)?
1
Suppose -85 = -4*t + 83. Calculate the remainder when t is divided by 9.
6
Let f(p) = -p**3 + 4*p**2 + 4*p + 7. Let u be f(5). Suppose m - 31 = -5*z, u*z - m - m - 22 = 0. What is the remainder when 13 is divided by z?
6
Suppose -2*p = -8, -4*m + 4*p - 4 = 12. Suppose 4*w + w - 15 = m. Calculate the remainder when 7 is divided by w.
1
Let f = -12 + 15. Calculate the remainder when 12 is divided by f.
0
Suppose 3*h + 3*f - 90 = 0, -h + 38 = -0*h - 3*f. Calculate the remainder when h is divided by (-34)/(-3) + 2/(-6).
10
Let w(k) = -k**2 - 3*k + 3. Let u be w(-6). Let v = -11 - u. Calculate the remainder when (16/v)/(2/17) is divided by 12.
10
Let j = -6 - -10. Suppose -j*o - 2 + 33 = w, 5*o = -2*w + 41. What is the remainder when 18 is divided by o?
4
Calculate the remainder when 147 is divided by 121/4 - 6/24.
27
Let c(j) = 4*j. Suppose -2*a - 3*a + 15 = 0. Calculate the remainder when c(2) is divided by a.
2
Suppose 5*i - 7*i + 4 = -a, 5*i - 32 = -3*a. Suppose -t = -a - 0. What is the remainder when -2*(0 - (-14)/(-4)) is divided by t?
3
Let t(c) = -5*c + 6. Let h be t(9). Let o = -14 - h. Calculate the remainder when o is divided by 13.
12
Suppose 3*z - 5*m = -35, 9*z - 4*z - 5*m + 75 = 0. Let t(c) = -4*c - 4. What is the remainder when 230/4*z/(-25) is divided by t(-5)?
14
Let a(w) = 0 + 4*w - 4 + w**2 - 2. Calculate the remainder when a(6) is divided by 14.
12
Suppose 0 = 5*j - 5 + 20, 5*g + 4*j - 178 = 0. What is the remainder when 2/(-7) + 1040/14 is divided by g?
36
Let w be (-12)/9*(-6)/4. Suppose c - w = -3*n, 0*n - 3*n + 10 = 5*c. Calculate the remainder when 3 is divided by c.
1
Suppose 2*y - 3*f - 4 + 1 = 0, -5*f = 2*y - 43. What is the remainder when 15 is divided by y?
6
Suppose -t = -354 + 322. What is the remainder when 104 is divided by t?
8
Let m = 26 - 10. Suppose -4*c - 5*y = 32, 7*y = 5*c + 3*y - 1. Let w = m + c. What is the remainder when 51 is divided by w?
12
Let p(l) be the second derivative of l**5/20 + l**4/3 - 7*l**3/6 - 5*l**2/2 - 5*l. Let b be ((-5)/3)/(3/9). Calculate the remainder when 13 is divided by p(b).
3
Suppose 0 = -2*q + 7*q - 160. Let t be (-6)/4*6/(-9). Suppose -4*c + 43 = -t. Calculate the remainder when q is divided by c.
10
Suppose 3*k - 2*o = 6*k - 63, 2*k - 47 = -3*o. Let j = -11 + k. What is the remainder when 23 is divided by j?
7
Let q(n) = 2*n + 1. Let w be q(-2). What is the remainder when 1 is divided by w/(-1) - (-2)/(-1)?
0
Calculate the remainder when 54 is divided by 156/27 + 1 - 2/(-9).
5
Let k(u) = -5*u + 7*u - 5*u**2 + 7*u**2 + 6. What is the remainder when k(-6) is divided by 17?
15
Let y be (-2)/8 + 1/4. Suppose y = -c + 3*c - 10. Let j(p) = 3*p**2 + p - 2. Calculate the remainder when j(-2) is divided by c.
3
Suppose -3*h + 2 = -t + 7, 3*h = 2*t - 10. Suppose 0*z + 144 = 3*z. Suppose p + 3*p - z = h. What is the remainder when 34 is divided by p?
10
Let t be 1/1 + (0 - -2). Suppose -5 = -t*j + 4. Calculate the remainder when 8 is divided by j.
2
Suppose 0*h = -h + 10. Suppose f = h + 7. What is the remainder when 67 is divided by f?
16
Suppose -2*v + 28 = 4*m + 2*v, -v = -4*m + 18. Let l = m - 2. What is the remainder when l is divided by 1?
0
Let u(i) be the second derivative of 0 + 1/6*i**3 - 5/2*i**2 - 2*i. Calculate the remainder when 4 is divided by u(8).
1
Suppose -8*c + 144 = -0. What is the remainder when 27 is divided by c?
9
What is the remainder when 65 is divided by (24/(-2))/(-1) - 1?
10
Let a = -2 - 10. Let n(c) = c**2 + 12*c + 6. What is the remainder when 28 is divided by n(a)?
4
Let s(z) = -z**3 + 6*z**2 + 3*z - 5. Let p = 11 + -7. Suppose 0 = 5*n + 66 - 166. Calculate the remainder when s(p) is divided by n.
19
Let b = -9 - -11. What is the remainder when b is divided by 1?
0
Suppose 3*y = -5 + 44. Let h = -48 + 112. What is the remainder when h is divided by y?
12
Let f(m) = -m**3 - 6*m**2 - 5*m + 7. Let v(u) = -3*u + 3. Let x be v(4). Let o = x - -22. Calculate the remainder when f(-6) is divided by o.
11
Let n = 9 + -1. Suppose -2*s = -0*s + g - 30, -4*g = -n. Calculate the remainder when s is divided by (-1)/((-2)/(11 - 1)).
4
Let g = 163 + -90. Calculate the remainder when g is divided by 37.
36
Let x = 21 + -15. What is the remainder when x is divided by 2*4 + (4 - 9)?
0
Let y = -51 + 74. Calculate the remainder when 78 is divided by y.
9
Let y be (-2)/(-6) - (-22)/6. Let c = 10 + y. Calculate the remainder when c is divided by (2/4)/((-2)/(-32)).
6
Let q(d) = d + 7. What is the remainder when 73 is divided by q(8)?
13
Let p(q) = -4*q - 1. Suppose 5*w = -z - 18, z - 9 = 5*w - z. What is the remainder when 20 is divided by p(w)?
9
Let k = -23 - -46. Let p = k + -19. Suppose -3*t = -1 - 8. Calculate the remainder when p is divided by t.
1
Let c(j) = j**3 - 5*j**2 - 7*j + 5. Let q be c(6). What is the remainder when 30 is divided by (q + -1)/((-2)/8)?
6
Let j = -4 + 9. Suppose -19 + 144 = j*k. Calculate the remainder when k is divided by -1 + 18 - 80/20.
12
Suppose -29 = -4*p - 9. Suppose o + 32 = p*o. Suppose 0*c = c - 29. What is the remainder when c is divided by o?
5
Suppose 5*d - 45 = 2*d. Calculate the remainder when 29 is divided by d.
14
Suppose 2*j = 3*j - 22. What is the remainder when j is divided by 74/6 - 8/24?
10
Calculate the remainder when (-129)/(-9) + (8/(-12))/(-1) is divided by 9.
6
Let a(n) = -n - 3. Let d be a(-5). Suppose -6*g - 32 = -d*g. Calculate the remainder when 13 is divided by 25/4 - 6/g.
6
Calculate the remainder when (-12)/(4 + (-87)/21) is divided by 29.
26
Suppose -2*g + 98 = 5*g. What is the remainder when 40 is divided by g?
12
Suppose 0 = -5*u - 8*v + 5*v + 249, -v = -3. Calculate the remainder when 333 is divided by u.
45
Let k = 26 - 8. What is the remainder when 69 is divided by k?
15
Let n be -2*1/2*-37. Suppose 4*u = 2*d + 62, -2*u + 4*u - 3*d - n = 0. Calculate the remainder when u is divided by 8.
6
Let s = -1 + 29. Calculate the remainder when s is divided by 11.
6
Suppose -69*r + 76*r - 399 = 0. Calculate the remainder when r is divided by 31.
26
Let c(h) = -h**2 + 3*h + 5. Let x be c(4). Calculate the remainder when 22/3 + x/(-3) is divided by (5/((-10)/4))/(-1).
1
Let a(f) = 5*f**2 - 4*f - 37. What is the remainder when a(-5) is divided by 38?
32
Let y = 13 - 8. Let o = 12 + y. Calculate the remainder when 48 is divided by o.
14
What is the remainder when 44*(0 - 3)/(-6) is divided by 12?
10
Suppose -2*f = 2*s - 21 + 7, -5*f - 75 = -5*s. Let t(r) = r**2 - 10*r - 9. Suppose -3*d + 6*d - 15 = 0. What is the remainder when d is divided by t(s)?
1
Let m(k) = -10*k - 15. What is the remainder when m(-8) is divided by 33?
32
Suppose -3*f + 5 = -7. Suppose 0 = -0*i + i - f. What is the remainder when 15 is divided by i?
3
Let y(n) = n**2 + n. Suppose -20 = -2*k - 3*k. What is the remainder when 78 is divided by y(k)?
18
Suppose -3*y = y - 72. Suppose -2*f + y = -0*f. What is the remainder when f is divided by 4?
1
Let s(i) = -2*i**2 - 5*i + 1. Let p be s(-4). Let j = p - -26. What is the remainder when 58 is divided by j?
13
Let g be (-536)/6 - (-3)/9. Let o = g + 125. Calculate the remainder when o is divided by 13.
10
Suppose 3*o - 4*o = -8. Let v(x) = x**2 - 1. Calculate the remainder when v(-4) is divided by o.
7
Let c = 8 + 5. Calculate the remainder when 50 is divided by c.
11
Suppose -3*a + 2*t = -8*a + 213, 0 = -2*a - 4*t + 82. What is the remainder when a is divided by 4345/158*(-1 - (-18)/10)?
21
Let u be 6/((-232)/118 - -2). Suppose 4*y + w - u = 0, -4*y + 3*w + 175 = 2*w. Let a = y + -19. What is the remainder when a is divided by 13?
12
Let o(h) = 41*h**2 + 2. Let g be o(2). Let k = g - 113. Calculate the remainder when k is divided by 14.
11
Supp